*u. What is the greatest common divisor of j and n?
14
Suppose -2*i - 2*i = -4*c - 12, -i - 2*c + 6 = 0. Calculate the highest common divisor of 40 and i.
4
Suppose -2*n = -0*n + 10. Let f be (0 - 200)*2/n. What is the highest common factor of f and 20?
20
Let t = -12 - -57. Let d(h) = -h + 6. Let v be d(-9). Calculate the greatest common factor of v and t.
15
Let a(c) = -c**2 - 11*c + 21. Let t be a(-11). What is the greatest common factor of 63 and t?
21
Let o = 5 - -23. Let j be 1/((5/56)/5). Calculate the highest common divisor of j and o.
28
Let z(s) = s**3 + 8*s**2 + 7*s - 3. Let k be z(-7). Let y be 195/9 + (-1)/k. Calculate the greatest common factor of 33 and y.
11
Let m be (-5 - -9)/(2/5). What is the greatest common factor of m and 80?
10
Suppose 4*r + 0*r = 152. Suppose -19 = v - 2*v. Calculate the highest common divisor of r and v.
19
Suppose -4*t = r - 4*r - 72, t = 2*r + 43. Let x be (-746)/(-10) - 8/r. Let o = -39 + x. Calculate the greatest common factor of 24 and o.
12
Let m(x) = 18*x**2 - x + 1. Let d be m(1). Calculate the greatest common factor of 126 and d.
18
Suppose 0 = q + 2*k - 33 - 25, -4*k + 284 = 5*q. Calculate the greatest common factor of q and 7.
7
Let a = -32 + 42. What is the highest common factor of 80 and a?
10
Let k = 2 - 4. Let q be (0/(k/2))/1. Suppose 5*z - 10 = q, -2*f + f = -4*z + 1. Calculate the greatest common divisor of f and 77.
7
Let a(i) = 3*i**2 + 7*i - 1. Let u be a(7). Let n = u - 115. What is the highest common divisor of n and 10?
10
Let b = -308 + 2. Let q = b + 82. Let z = -147 - q. Calculate the greatest common factor of 7 and z.
7
Suppose l - 2*p - 28 = 3*p, 5*p + 40 = 5*l. Let j = -2 + 29. What is the greatest common factor of l and j?
3
Let u(y) = y**2 - 6*y + 11. Let a be u(7). Calculate the highest common divisor of 144 and a.
18
Let b(x) = x**3 - 5*x**2 - 4*x - 10. Let h be b(6). Suppose 2*z + 38 = 4*q, 2*q + 4*z - 12 = h. What is the highest common divisor of 45 and q?
9
Let m = 9 + 45. Suppose -l = 4*w - 2*w - 19, 0 = 5*w - 4*l - m. Suppose 0 = 5*s, -5*k + 2*s = -2*k - 150. What is the greatest common divisor of w and k?
10
Let f = -28 + -7. Let t = 30 - f. Calculate the greatest common factor of 26 and t.
13
Let d(z) = z**2 - 7*z + 7. Let s be d(8). Calculate the greatest common factor of 15 and s.
15
Let o(w) = w**2 - w + 2. Let h be (2 - 4) + 1 + -1. Let a(r) = -2*r - 2. Let v be a(h). Let s be o(v). Calculate the highest common divisor of s and 4.
4
Suppose -5*g + 3*k + 486 = 0, -3*k - 4 = 3*g - 286. What is the greatest common factor of g and 32?
32
Suppose -7*v + 4*v = -5*i + 19, 0 = i - v - 5. Let m be 2/i*-1 + 11. Suppose -5*d = -21 + 1, 24 = 4*a + d. What is the greatest common factor of m and a?
5
Suppose 2*i + 0*s - 32 = s, -5*i - 5*s = -80. What is the highest common divisor of 2 and i?
2
Let s(u) = 17*u - 5. Let m be s(4). Let f = 91 - m. Calculate the highest common factor of 168 and f.
28
Suppose 8*r - 3*r - 65 = 0. Let w be (26/(-6))/((-3)/45). Calculate the greatest common factor of r and w.
13
Let i = 27 - 11. Let g be (-1)/(-2)*i/1. Suppose 0*k = -4*k + g. What is the highest common divisor of 4 and k?
2
Suppose 7 = 5*y - 3. Calculate the highest common factor of 3 and y.
1
Let d = 60 + -46. Calculate the highest common divisor of 7 and d.
7
Let h(d) = 100*d**3 - 2*d**2 + 1. Let t be h(1). Suppose 2*c - c = t. What is the highest common factor of 9 and c?
9
Let p be 4/2 + 3/3. Suppose -8 = -f - p*f. Let i be f/4*-2 - -111. What is the greatest common divisor of 10 and i?
10
Suppose -5*m - 4*u + 1019 = 119, -2*m + 360 = -5*u. Calculate the greatest common factor of 36 and m.
36
Let z be (2/(-3))/(14/(-273)). Calculate the greatest common divisor of 117 and z.
13
Suppose 2*h = -5*r - 6, 0 = -4*h + 15*r - 11*r + 16. What is the highest common factor of h and 14?
2
Suppose 3*n + 0*c = 4*c + 125, -88 = -2*n - 2*c. Let k = n + -23. Calculate the highest common divisor of k and 4.
4
Let f(l) = 2*l + 8. Let u be f(8). Suppose 0 = -0*r - 3*r + 720. Calculate the highest common divisor of r and u.
24
Let q be 10/25 - (-193)/5. Let a = -13 + q. Let p = a + -16. Calculate the highest common factor of p and 70.
10
Suppose 23 = u + 2*v + 2*v, 2*u - 3*v = -9. Let h(k) = 0*k**2 + 8*k + 2 - k**2 - 2*k. Let y be h(u). What is the highest common factor of 99 and y?
11
Let m = 18 - -9. Let j(x) = -19*x - 1. Let l be -1*(1 - (0 - 0)). Let a be j(l). What is the highest common factor of m and a?
9
Let f(c) = -c**3 + 5*c**2 - 2*c - 1. Let z be f(4). Let a be 334/z + (-2)/(-7). What is the greatest common divisor of 12 and a?
12
Let p = -14 + 23. What is the highest common divisor of p and 153?
9
Suppose -p = 2*j - 381, -p - 2*p + 954 = 5*j. Calculate the greatest common factor of j and 21.
21
Let b = -7 - -7. Suppose b = l + 2*u - 14, -3*u + 39 - 12 = 3*l. What is the greatest common divisor of 10 and l?
2
Suppose 3*y + 12 = -y, 3*v + 4*y = 78. Suppose -3*o = -l - v, -3*o - 4*l + 33 = -12. What is the greatest common divisor of o and 121?
11
Suppose 0 = -2*h + 21 + 21. Suppose 5 + h = v. Calculate the greatest common divisor of v and 65.
13
Let z be (-150)/(-8) - 6/(-24). What is the highest common factor of z and 95?
19
Let j = 0 - -2. Suppose 2*u + u - 648 = j*l, -2*l - 1080 = -5*u. What is the greatest common divisor of u and 24?
24
Let g(j) = 22*j**2 - 6*j - 1. Let u be g(2). Calculate the greatest common divisor of 15 and u.
15
Suppose -3*z = -0*z - 336. Suppose -5*t + 40 = 3*n - 134, 2*n + z = 3*t. What is the highest common divisor of t and 12?
12
Let p = 95 - 93. What is the highest common divisor of p and 2?
2
Let n(u) = -u + 3. Let p be n(2). What is the greatest common divisor of p and 9?
1
Let o = -6 + 3. Let r(y) = -2*y**3 - 3*y**2 + 2*y. Let w be r(o). What is the highest common divisor of 3 and w?
3
Let y(d) = d + 11. Let w be y(-9). Suppose 0 = b + w*b - 33. What is the highest common factor of b and 22?
11
Let v = 46 - 67. Let m be v/(3/(-12)*6). Calculate the greatest common divisor of m and 7.
7
Let q(t) = -4*t - 35. Let h be q(-15). What is the highest common factor of h and 25?
25
Suppose 11 = 5*k - 9. Let g be (1 + -3)/(-2) + k. Suppose 8 = -0*f - 2*f, -r - 2*f = -27. Calculate the greatest common divisor of r and g.
5
Let g = -15 + 27. Suppose -12 = 3*b - 4*b. Calculate the greatest common factor of b and g.
12
Let n = 11 + -8. Let x = n - 5. Let u(q) = -4*q - 3. Let d be u(x). Calculate the highest common divisor of d and 5.
5
Let s = -7 - -10. Let w(c) = -c**3 - c**2 + c. Let y be w(-2). Let p be 0 - (1 - y - 2). Calculate the greatest common factor of s and p.
3
Let j(g) = -1 + 6*g - 4*g - 3*g. Let s be j(2). Let w be 11/4 + s/(-12). Calculate the greatest common divisor of 6 and w.
3
Let y be (88/6 + 4)/((-1)/(-3)). Let h be (-2)/8*-2*28. What is the greatest common factor of y and h?
14
Let b be (-4)/14 + (-120)/(-28). Suppose 0*l + 5*x = -b*l + 441, x = 5. What is the highest common factor of 13 and l?
13
Let f be (-892)/(-36) - (-4)/18. What is the greatest common divisor of f and 250?
25
Suppose 3*z + 2 = -4. Let n = z - -6. Suppose n*y - 62 = -5*b + 18, 4*y = -4*b + 60. Calculate the highest common divisor of b and 180.
20
Suppose -32 = -2*n - 2*n. Suppose 62 = 3*o + n. Calculate the greatest common divisor of 36 and o.
18
Let d be (-6 - 12)/(4/(16/(-3))). Calculate the highest common divisor of d and 36.
12
Let f = 1 + 11. Suppose -s = -4*s + 324. Calculate the greatest common factor of s and f.
12
Suppose -f + u = -49, -u = 4*f - 0*f - 211. Calculate the highest common factor of f and 13.
13
Suppose 6*c - 3*c = 3*h + 18, 0 = -c - h - 2. Suppose -3*x + 769 = 2*j, 1007 = c*x + 2*x - j. Calculate the highest common factor of x and 23.
23
Let f be (-245)/(-5)*(2 + 3). What is the highest common factor of 35 and f?
35
Let v be 6/8 + (-285)/(-4). Suppose 5*n = 2*f + 50, n = -0*n - f + 3. What is the highest common divisor of n and v?
8
Let z = 15 + -10. Suppose -3*c + 1 = -2*s + 9, -s = 3*c + z. Calculate the greatest common divisor of 7 and s.
1
Suppose -4 - 1 = -s. Let r = -2 - -5. Let u be 23 - r*2/(-3). Calculate the greatest common factor of u and s.
5
Suppose -3*u + 2*q - 5*q = -18, 0 = -4*u - q + 33. Suppose -y = 2, -d = -2*d + 3*y + 11. Suppos